he greatest common factor of 29 and y?
29
Suppose -168 = 7*x - 21*x. What is the highest common divisor of 306 and x?
6
Let s(g) = -g**2 + 12*g + 5. Let b be s(12). Suppose 0 = -o + 2*o + b*d - 40, 2*d = 5*o - 92. What is the greatest common factor of 90 and o?
10
Let q be (-2)/3*(-1 + -2). Suppose 4 + 15 = v - t, t = 2*v - 35. Suppose 2 = -q*z + v. Calculate the highest common divisor of z and 63.
7
Let t(y) = -y**3 - 30*y**2 - 62*y - 68. Let v be t(-29). What is the greatest common divisor of 254 and v?
127
Let y(a) = 3*a**3 - a**2 - 2*a. Let f be y(2). Let i(v) = -v + 16. Let o be i(-12). Suppose 0 = -6*x + 13*x - o. What is the highest common factor of f and x?
4
Let b be (-2)/9 + 728/(-126). Let l be b*(2 - 13/3). What is the greatest common factor of 2 and l?
2
Suppose 48 = 3*x - 3*c - 69, -185 = -5*x - 5*c. What is the greatest common divisor of 1862 and x?
38
Let t be 4 + 2/1 + -4 + 4. Let w(z) = -3*z**2 + 3*z. Let a be w(4). Let i be (-4)/18 + (-224)/a. What is the greatest common divisor of i and t?
6
Let o be (0/(-2))/(-3 + 2). Suppose o = 2*x - 5*x + 6. Suppose x*g - 18 = -0*g. What is the highest common divisor of 1 and g?
1
Let v = 1383 - 1352. What is the greatest common factor of v and 527?
31
Suppose 4*p - 920 = 3*t, 3*t + 5*p + 332 = 2*t. Let l = -94 - -34. Let z be 8/10 + t/l. What is the greatest common factor of z and 9?
3
Let y be ((-750)/10)/15 - (1 - 177). Calculate the highest common factor of y and 38.
19
Suppose f - 14 = -9. Suppose 4*q - 32 = -3*d + 68, 0 = -q + f*d + 2. Calculate the highest common factor of q and 88.
22
Suppose -1266 = -7*s + 2598. Let m be (10/(-3))/((-16)/s). Let j(y) = -2*y**3 - 3*y**2 + 2*y + 2. Let l be j(-3). What is the highest common factor of m and l?
23
Let k = -10 + 7. Let n be 1/(k/(-54)*1). Let c(v) = -4*v**3 - 2*v**2 + 7*v + 3. Let u be c(-3). Calculate the greatest common divisor of u and n.
18
Suppose -6 = 7*d - 27. Suppose -2*j = 4*z, -6*j = -4*j. Suppose z = -h + 2*l + 37, 0*h = h - 3*l - 42. What is the greatest common factor of h and d?
3
Let b(o) = 4*o**2 - 4*o + 12. Let p be b(6). Let j(z) = 2*z**2 - 3*z. Let y be j(2). Suppose -23 = -y*w + 1. Calculate the highest common factor of p and w.
12
Let z(t) = -2*t**3 - 4*t**2 - 8*t - 11. Let k be z(-4). Let b be (-307)/5 - 2/(-5). Let a = b + k. Calculate the greatest common divisor of 16 and a.
8
Let a(o) = o**3 - 2*o**2 - 5*o. Let q be a(5). What is the greatest common factor of 75 and q?
25
Let l(p) = p**2 + p - 9. Let b be l(4). Suppose 3*h = 3*d + 279, -h - 4*d = -89 + b. Calculate the greatest common divisor of 18 and h.
18
Let f(k) = -5*k**2 + 2*k**2 + 6*k**2 - 4*k. Let z be f(6). What is the greatest common factor of z and 12?
12
Let p = 55 + 114. What is the greatest common divisor of 13 and p?
13
Suppose 52 = p + 4*c, 4*c = 5*p - 0*c - 212. Calculate the highest common factor of 55 and p.
11
Let n(x) = -79*x**3 + x**2 + x + 1. Let q(p) = p**3 - p - 1. Let d be q(-1). Let u be n(d). Let j = -7 - -17. Calculate the greatest common factor of u and j.
10
Let o(f) = 3*f**2 - 4*f - 3. Let k(w) = -3*w**2 - 21*w + 4. Let d be k(-7). Let g be o(d). Calculate the greatest common factor of 145 and g.
29
Let y be (5/6*-4)/((-4)/102). Let j = -306 - -323. Calculate the greatest common divisor of j and y.
17
Let l(w) = 5*w**2 - 32*w + 8. Let n be l(8). What is the greatest common divisor of n and 32?
8
Let a = 170 - 115. Suppose -5*p + 0*p = -a. What is the greatest common factor of p and 66?
11
Let z = 640 + -508. Calculate the highest common divisor of z and 66.
66
Let f(u) = -19*u + 330. Let o be f(17). Calculate the greatest common factor of 35 and o.
7
Let u(t) = 6*t**3 - 5*t**2 + 4*t - 4. Let c be (-9 - 0)*1/(-3). Let q be u(c). Let g be (-1)/2 + q/10. Calculate the greatest common factor of g and 12.
12
Suppose 2*l - 76 = 3*s, -4*l = -0*l + 3*s - 116. Suppose -4*z + 144 = l. Calculate the highest common factor of 7 and z.
7
Suppose 19 = -4*x + 55. Let a = 0 - 1. Let q(g) = -44*g + 1. Let t be q(a). What is the highest common factor of t and x?
9
Let k = -6 + 10. Suppose 12 = -k*g, -6*c + 33 = -3*c - 3*g. What is the highest common divisor of 12 and c?
4
Let k be 162/(-7)*(-1 + (-55)/15). What is the greatest common divisor of k and 12?
12
Let k = 20 - 15. Suppose -k*n - 248 = -n. Let v be (-6)/2 - (n + 7). What is the greatest common factor of 13 and v?
13
Suppose 144*u - 89 = -5*w + 141*u, -3*w = -3*u - 39. What is the greatest common divisor of 116 and w?
4
Suppose -3*a + 521 = 3*s + 2*a, -2*s - 4*a = -346. Calculate the greatest common divisor of s and 236.
59
Let b be (0/(0 + -3))/(-2). Let q be 7*(20 - b)/5. Calculate the highest common divisor of 42 and q.
14
Suppose -27*z + 20*z = -833. What is the greatest common factor of z and 2737?
119
Let s be 1616 + 1/((-1)/(-8)). What is the highest common factor of 8 and s?
8
Suppose -106 = x + 201. Let s = 457 + x. Let q = 11 + 4. Calculate the greatest common factor of s and q.
15
Let c = -52 - -133. Let q(l) = l**2 + 41*l + 49. Let v be q(-40). Calculate the greatest common divisor of c and v.
9
Let p(z) be the second derivative of z**5/20 - z**4/3 - 5*z**3/3 + 7*z**2 - 25*z. Let q be p(7). Calculate the highest common factor of q and 13.
13
Let w = -141 - -200. Let t = 70 - w. What is the highest common divisor of 121 and t?
11
Let h = 20 - -4. Suppose 2*j = 5*l + 33, -j + 3*j = 2*l + h. What is the highest common factor of 72 and j?
9
Let s be (-10)/(-15)*12 + -5. Let m be ((-12)/(-15))/((-4)/(-10)). Calculate the highest common divisor of m and s.
1
Suppose 0*t = 6*t - 24. Let f be 54/6*t/(-3). Let b be 2/(((-9)/f)/3). Calculate the greatest common factor of 40 and b.
8
Suppose -4*s + 2*q + 159 = 9, 5*s - 225 = -5*q. Calculate the greatest common divisor of s and 520.
40
Let a = -8 - -12. Suppose -a*h = -h - 48. Let t = -18 - -26. What is the highest common divisor of t and h?
8
Suppose 68 = -2*h - 4*c, 0*h + 65 = -2*h - c. Let o = h - -124. Calculate the greatest common divisor of 23 and o.
23
Let g be ((-6)/21 - 185/(-35))*1. Calculate the highest common factor of 85 and g.
5
Let s(z) = -7*z - 13. Let q(m) = 9*m + 14. Let x(w) = -4*q(w) - 5*s(w). Let n be x(-3). Calculate the highest common factor of n and 3.
3
Suppose 3*k - l = -2*l + 6, -3*k = 5*l + 6. Suppose -2*p - p = -153. Let r = -18 + p. Calculate the highest common factor of k and r.
3
Suppose 4*c - 479 - 409 = 0. Calculate the greatest common factor of c and 148.
74
Let z(i) = 2*i**2 - 11*i + 171. Let l be z(39). What is the highest common factor of 87 and l?
87
Suppose -96 = f - 3*f. Let c be 2/(-3 + (-34)/36 + 4 + 0). Calculate the greatest common divisor of f and c.
12
Suppose 0 = -4*y + 2*t + 528, -y = -41*t + 40*t - 132. What is the highest common divisor of 484 and y?
44
Suppose k - 2 = 19. Suppose -39*c + 38*c + k = 0. Calculate the highest common divisor of c and 3.
3
Suppose 2*r - 7 = 53. Suppose r*s + 12 = 33*s. Let p be s - 1*(-7 - 0). Calculate the greatest common divisor of 55 and p.
11
Let y be 11 + 2/(-1) + -15 + 16. What is the highest common divisor of y and 190?
10
Let m(c) = c**3 + 20*c**2 + 15*c - 66. Let v be (-2*(-1)/3)/(88/(-2508)). Let y be m(v). What is the highest common factor of y and 220?
10
Let m(w) be the first derivative of 4*w**3/3 + 19*w**2/2 + 5*w - 15. Let p be m(-6). Calculate the greatest common factor of 14 and p.
7
Let t = 334 + -274. What is the greatest common factor of 140 and t?
20
Suppose 44 = 54*h - 334. What is the greatest common divisor of h and 1792?
7
Let p(n) = 12 + n**2 + 8*n**2 + 1 - 6*n - 8. Let i be p(-5). What is the greatest common divisor of i and 52?
52
Let z(k) = -k**3 - 2*k**2 + 12*k + 10. Let l be z(-4). Let v be 4*(-1)/(-3) + 2/l. Calculate the greatest common divisor of v and 2.
1
Suppose 0 = -3*p + r + 17, 4*p - 35 + 11 = r. Let m(z) = -4*z + 17. Let w be m(-15). Calculate the highest common divisor of p and w.
7
Let v be 0 + 1382 - (-1 - -3). Let b be 4/14 - v/(-21). Suppose 0 = 5*d + 5*q - 55, -6*q = 3*d - 2*q - 38. What is the greatest common divisor of b and d?
6
Let i = -12 - -4. Let h(d) = -d**3 - 8*d**2 - 5*d - 16. Let n be h(i). Let c = 39 + -23. Calculate the greatest common factor of c and n.
8
Suppose 4*h - 3*f - 1485 + 610 = 0, 10